 n = 9 - 8. Let u be 64 - (4 - 2 - n). What is the greatest common factor of 42 and u?
21
Let w be 3*(-4)/(-6)*2/2. Calculate the highest common factor of w and 22.
2
Let w be 14/(-4) - 3/6. Let r be (-174)/(-8) - 1/w. Suppose -2*v + 8 = -r. Calculate the greatest common factor of v and 60.
15
Let f(v) = v**3 + 6*v**2 + 5*v + 4. Let n be f(-5). Let k = -508 - -536. Calculate the greatest common divisor of k and n.
4
Let j be 16/7 - 2/7. Let n be (27/(-18))/((-1)/2). Calculate the highest common factor of j and n.
1
Let l be (-1)/(-2) - 357/(-34). What is the highest common divisor of 11 and l?
11
Suppose i + v - 39 = 0, i + 5*v + 3 = 54. Let d be (i/(-5))/((-18)/60). What is the greatest common divisor of d and 6?
6
Suppose 88 = o + 9. Suppose 53 = 4*j - o. Let k = 46 - j. What is the highest common divisor of k and 39?
13
Let f(a) = 3*a**3 - a. Let p be f(1). Let d be 2 - p*(-2)/4. Suppose 2*r - 35 = -d*r. Calculate the greatest common divisor of 49 and r.
7
Let p = 52 - 101. Let m be p/(-14)*3*2. Suppose -5*o + 70 = -0*o. What is the greatest common divisor of m and o?
7
Suppose 0*n + 142 = 2*t - n, -5*n = -2*t + 134. Calculate the highest common factor of t and 18.
18
Suppose 1 = -n, -4*m = n - 2*n - 17. What is the greatest common divisor of 4 and m?
4
Let l(s) = -s**3 - 9*s**2 - 10*s - 2. Let h be l(-8). Let y = h + -11. Calculate the highest common divisor of y and 3.
3
Let p be -5*6/(-15) + 2. Suppose 49 = 3*j - 5*f - 108, -5*j + 2*f + 230 = 0. Calculate the greatest common factor of j and p.
4
Let f = 6 + -8. Let n be -3 - -1 - (-27 + f). What is the greatest common factor of n and 9?
9
Suppose -q + 1 = -2*n + 6, 2*n - 5*q - 1 = 0. Suppose 3*m + 3*v = v + 7, 3*m - 5 = -v. Suppose n = r - m. Calculate the greatest common factor of r and 36.
4
Suppose 3*d - 5*u = -2*d, -4*u = 12. Let b = -33 - -3. Let g be 5*8/b*d. What is the greatest common divisor of 4 and g?
4
Suppose -8*h = -3*h - 80. Calculate the greatest common divisor of 24 and h.
8
Suppose 5*y - 12 = -2. What is the highest common divisor of y and 16?
2
Suppose 0 = -g + 5*o + 24, 6*g - g - 192 = o. Calculate the greatest common divisor of 26 and g.
13
Suppose 2*x - 29 = -5*m - 75, x = -3. Let y = m + 113. Suppose -b + 284 = 5*w + y, 3*w - 113 = 5*b. Calculate the greatest common factor of 18 and w.
18
Let i(q) = -8*q - 2. Suppose -10*v = -12*v - 8. Let h be i(v). What is the greatest common divisor of h and 10?
10
Suppose -5*p = -2*w + 599, 0*w + 889 = 3*w + 2*p. What is the highest common factor of 33 and w?
33
Suppose -v + 2 = -7. Calculate the greatest common divisor of v and 9.
9
Let p(u) = -u**3 + 9*u**2 + 6*u. Suppose -4*y = y. Suppose 0 = -y*o - 4*o + 36. Let l be p(o). Calculate the greatest common factor of 6 and l.
6
Suppose -135 = -8*g + 3*g. What is the highest common divisor of 1 and g?
1
Let y = -1 + 2. Let a = 9 - y. Let c = 17 + -15. Calculate the greatest common factor of a and c.
2
Let p be 30/(-8)*(-88)/33. Calculate the highest common divisor of p and 50.
10
Let l = -5 + 5. Suppose 5*j = 4*p + 8 + 2, -j + 2 = p. Suppose -j*d + 15 = 2*b - 3*d, 2*d + 6 = l. Calculate the highest common divisor of b and 54.
6
Let h = 3 + 1. Suppose 0 = -4*q - h, i - 66 = 3*q. Calculate the highest common divisor of i and 7.
7
Suppose 3*z + 9 + 8 = 2*v, 0 = -v - 2*z + 12. Suppose 4*h + u = 16, 0*h + 3*u - 3 = -3*h. Calculate the highest common factor of h and v.
5
Let a = 11 + -8. Let g = a - 5. Let f be 1/(-4)*g*8. Calculate the highest common divisor of f and 12.
4
Let p be 89/4 + 8/(-32). Calculate the highest common factor of 22 and p.
22
Let a = -9 - -12. Suppose -a*q - q + 60 = 0. What is the greatest common factor of 15 and q?
15
Let o(j) = -2*j**2 - 25*j + 27. Let q be o(-11). What is the highest common factor of 60 and q?
60
Let n(u) = 4*u + 4. Let p be (-8)/(-6)*6/4. Let k be 2/p*1*5. Let g be n(k). Calculate the highest common factor of 8 and g.
8
Suppose -3*m + 12 = 0, -5*z + 0*z - m = -204. What is the greatest common factor of 20 and z?
20
Let z be (3 - (0 + -1))*4. Let q be (-12)/4*2*(-128)/6. What is the greatest common factor of z and q?
16
Let h = -96 - -126. What is the highest common divisor of h and 12?
6
Let w be (-5)/30 - (-350)/12. Let u = -17 + w. Calculate the highest common divisor of u and 30.
6
Let f be (-356)/(-8) - 2/4. What is the highest common divisor of f and 4?
4
Let y be 4 - 6 - (-42)/1. What is the highest common divisor of 60 and y?
20
Let p(w) = 19*w**2 + 4*w + 1. Let y be p(-1). Calculate the greatest common divisor of y and 24.
8
Let p(r) = 3*r**2 - r. Let s be p(2). What is the highest common factor of s and 25?
5
Let v be 5/(-10) - (-5)/2. Suppose -5*f - 23 = 2*s - 0*f, -5*f = 3*s + 22. Calculate the highest common factor of s and v.
1
Let n = -10 + 37. Let w(i) = -i**3 + 6*i**2 - 2*i + 3. Let l be w(5). What is the highest common divisor of l and n?
9
Suppose -3*l + 10 = -2. Suppose 0 = -d - l*d + 120. What is the greatest common factor of 6 and d?
6
Suppose -165 = -3*h + 189. Let z = -30 + h. Let f = -150 - -158. Calculate the highest common divisor of f and z.
8
Let g be ((-6)/(-2))/((-4)/(-8)). Let z be ((-42)/5)/((-2)/10). Calculate the greatest common divisor of g and z.
6
Let x = 21 - 8. Let i = -4 + x. Let b = 129 + -66. What is the highest common factor of i and b?
9
Let h = 136 - 40. What is the greatest common divisor of 16 and h?
16
Suppose 0 = 5*g - 2*i - 13 - 0, -3*i - 12 = 0. Calculate the highest common factor of g and 4.
1
Let b = -36 - -19. Let s = 28 + b. Suppose 0 = 2*c, -3*d + 29 - s = -3*c. Calculate the greatest common divisor of 12 and d.
6
Let g = 16 + -2. Let d = 25 - -115. Suppose -5*l = -l - d. What is the greatest common factor of l and g?
7
Let x(k) = -8*k - 4. Let w(d) = -7*d - 4. Let n(t) = -5*w(t) + 4*x(t). Let g = -5 + 9. Let m be n(g). What is the greatest common divisor of 144 and m?
16
Let m = 10 - 7. Suppose -4*h = m*g - 2157, 0 = 3*h + 3*g - 5*g - 1622. Let o = h - 320. What is the greatest common factor of 20 and o?
20
Suppose 5*u + 3*w - 2640 = -2*w, -4 = 2*w. Let r be u/40 + (-2)/8. Calculate the greatest common factor of r and 26.
13
Let n(g) = -g**2 - 19*g + 22. Let f be n(-9). What is the greatest common divisor of 14 and f?
14
Let b = -40 - -95. Calculate the highest common divisor of b and 11.
11
Suppose 4*n + 0*q - 14 = q, 5*n - 2*q = 16. Suppose 11 = -n*i + 131. Let o = -10 + 16. Calculate the highest common divisor of o and i.
6
Let d = -204 + 387. Let l be 3/(-12) + d/12. Suppose -b + l = -4*x, b + 3 = -4*x - 6. Calculate the greatest common divisor of b and 24.
3
Let q = 51 - 46. What is the greatest common factor of q and 55?
5
Suppose x - 84 = -2*b, -250 - 160 = -5*x - 5*b. What is the greatest common divisor of x and 10?
10
Let f be (7*31)/((-5)/(-5)). Let s = 125 - f. Let o = 162 + s. Calculate the highest common factor of o and 14.
14
Suppose -13 = -3*a - 4. Suppose c - 4*x = -0*c + a, 2*x - 3 = -c. Let r be (-4)/(-10) - 6/(-10). Calculate the greatest common divisor of r and c.
1
Let u be (-4)/10 - (-3)/(-5). Let g = 137 + u. Let a be 0 + (-1)/(-2) - 165/(-10). Calculate the greatest common divisor of g and a.
17
Let o(u) = 2*u**2 + u - 1. Let v be o(2). Let w = v + 0. Suppose -4*f + 28 = 2*p - 34, -w = -3*p. Calculate the highest common divisor of f and 21.
7
Suppose -4*z - 2*j + 7*j - 168 = 0, -3*j - 168 = 4*z. Let i be (-12)/z - 393/(-21). Suppose 0 = 4*d - 83 - 753. Calculate the greatest common factor of d and i.
19
Let n be (54/(-24))/((-6)/16). What is the highest common divisor of n and 48?
6
Suppose -7*n + 162 = -n. Calculate the greatest common divisor of 243 and n.
27
Let l = -16 - -20. Calculate the highest common divisor of 36 and l.
4
Let f = 382 + -265. What is the highest common divisor of 13 and f?
13
Suppose 2*m - 3*m - 4*s = -26, 5*s = -5*m + 70. What is the highest common divisor of 25 and m?
5
Let m be (-2)/(-6) - 649/(-33). Calculate the greatest common divisor of m and 4.
4
Suppose 0 = -3*z - 2*r + 75 + 28, -5*r + 30 = z. Let v be 1 + (-12)/9*-3. What is the highest common factor of v and z?
5
Let h be 1/2 - 188/(-8). Let j(y) = 156*y**2 + y + 1. Let k be j(-1). Let t = k + -96. What is the greatest common divisor of t and h?
12
Let w be 606/30 - (-2)